-- --------------------------------------------------------
-- Versión del servidor:         8.0.30 - MySQL Community Server - GPL
-- SO del servidor:              Win64
-- HeidiSQL Versión:             12.1.0.6537
-- --------------------------------------------------------


-- Volcando estructura para tabla abastos.auth_groups_users
CREATE TABLE IF NOT EXISTS `auth_groups_users` (
  `id` int unsigned NOT NULL AUTO_INCREMENT,
  `user_id` int unsigned NOT NULL,
  `group` varchar(255) NOT NULL,
  `created_at` datetime NOT NULL,
  PRIMARY KEY (`id`),
  KEY `auth_groups_users_user_id_foreign` (`user_id`),
  CONSTRAINT `auth_groups_users_user_id_foreign` FOREIGN KEY (`user_id`) REFERENCES `users` (`id`) ON DELETE CASCADE
) ENGINE=InnoDB AUTO_INCREMENT=5 DEFAULT CHARSET=utf8mb3;

-- Volcando datos para la tabla abastos.auth_groups_users: ~0 rows (aproximadamente)
DELETE FROM `auth_groups_users`;
INSERT INTO `auth_groups_users` (`id`, `user_id`, `group`, `created_at`) VALUES
	(4, 2, 'user', '2023-02-24 10:19:21');

-- Volcando estructura para tabla abastos.auth_logins
CREATE TABLE IF NOT EXISTS `auth_logins` (
  `id` int unsigned NOT NULL AUTO_INCREMENT,
  `ip_address` varchar(255) NOT NULL,
  `user_agent` varchar(255) DEFAULT NULL,
  `id_type` varchar(255) NOT NULL,
  `identifier` varchar(255) NOT NULL,
  `user_id` int unsigned DEFAULT NULL,
  `date` datetime NOT NULL,
  `success` tinyint(1) NOT NULL,
  PRIMARY KEY (`id`),
  KEY `id_type_identifier` (`id_type`,`identifier`),
  KEY `user_id` (`user_id`)
) ENGINE=InnoDB AUTO_INCREMENT=16 DEFAULT CHARSET=utf8mb3;

-- Volcando datos para la tabla abastos.auth_logins: ~11 rows (aproximadamente)
DELETE FROM `auth_logins`;
INSERT INTO `auth_logins` (`id`, `ip_address`, `user_agent`, `id_type`, `identifier`, `user_id`, `date`, `success`) VALUES
	(1, '127.0.0.1', 'Mozilla/5.0 (Windows NT 10.0; Win64; x64; rv:103.0) Gecko/20100101 Firefox/103.0', 'email_password', 'admin@admin.com', 1, '2022-08-06 11:16:15', 1),
	(2, '127.0.0.1', 'Mozilla/5.0 (Windows NT 10.0; Win64; x64; rv:103.0) Gecko/20100101 Firefox/103.0', 'email_password', 'admin@admin.com', 1, '2022-08-06 13:41:39', 1),
	(3, '127.0.0.1', 'Mozilla/5.0 (Windows NT 10.0; Win64; x64; rv:103.0) Gecko/20100101 Firefox/103.0', 'email_password', 'admin@admin.com', 1, '2022-08-07 22:52:14', 1),
	(4, '127.0.0.1', 'Mozilla/5.0 (Windows NT 10.0; Win64; x64; rv:103.0) Gecko/20100101 Firefox/103.0', 'email_password', 'admin@admin.com', 1, '2022-08-07 23:24:27', 1),
	(5, '127.0.0.1', 'Mozilla/5.0 (Windows NT 10.0; Win64; x64; rv:103.0) Gecko/20100101 Firefox/103.0', 'email_password', 'admin@admin.com', 1, '2022-08-07 23:58:55', 1),
	(6, '127.0.0.1', 'Mozilla/5.0 (Windows NT 10.0; Win64; x64; rv:104.0) Gecko/20100101 Firefox/104.0', 'email_password', 'admin@admin.com', NULL, '2022-09-18 17:12:52', 0),
	(7, '127.0.0.1', 'Mozilla/5.0 (Windows NT 10.0; Win64; x64; rv:104.0) Gecko/20100101 Firefox/104.0', 'email_password', 'admin@admin.com', 1, '2022-09-18 23:39:53', 1),
	(8, '127.0.0.1', 'Mozilla/5.0 (Windows NT 10.0; Win64; x64; rv:105.0) Gecko/20100101 Firefox/105.0', 'email_password', 'johannaranjo@gmail.com', NULL, '2022-09-25 01:58:56', 0),
	(9, '127.0.0.1', 'Mozilla/5.0 (Windows NT 10.0; Win64; x64; rv:105.0) Gecko/20100101 Firefox/105.0', 'email_password', 'johannaranjo@gmail.com', NULL, '2022-09-25 01:59:08', 0),
	(10, '127.0.0.1', 'Mozilla/5.0 (Windows NT 10.0; Win64; x64; rv:105.0) Gecko/20100101 Firefox/105.0', 'email_password', 'admin@admin.com', 1, '2022-09-25 02:00:00', 1),
	(11, '127.0.0.1', 'Mozilla/5.0 (Windows NT 10.0; Win64; x64; rv:105.0) Gecko/20100101 Firefox/105.0', 'email_password', 'admin@admin.com', 1, '2022-09-25 02:17:14', 1),
	(12, '127.0.0.1', 'Mozilla/5.0 (Windows NT 10.0; Win64; x64; rv:109.0) Gecko/20100101 Firefox/110.0', 'email_password', 'johannaranjo@gmail.com', NULL, '2023-02-24 10:18:39', 0),
	(13, '127.0.0.1', 'Mozilla/5.0 (Windows NT 10.0; Win64; x64; rv:109.0) Gecko/20100101 Firefox/110.0', 'email_password', 'johannaranjo@gmail.com', 2, '2023-02-24 13:08:16', 1),
	(14, '127.0.0.1', 'Mozilla/5.0 (Windows NT 10.0; Win64; x64; rv:109.0) Gecko/20100101 Firefox/111.0', 'email_password', 'johannaranjo@gmail.com', NULL, '2023-03-27 10:33:30', 0),
	(15, '127.0.0.1', 'Mozilla/5.0 (Windows NT 10.0; Win64; x64; rv:109.0) Gecko/20100101 Firefox/111.0', 'email_password', 'johannaranjo@gmail.com', 2, '2023-03-27 10:33:42', 1);

-- Volcando estructura para tabla abastos.auth_permissions_users
CREATE TABLE IF NOT EXISTS `auth_permissions_users` (
  `id` int unsigned NOT NULL AUTO_INCREMENT,
  `user_id` int unsigned NOT NULL,
  `permission` varchar(255) NOT NULL,
  `created_at` datetime NOT NULL,
  PRIMARY KEY (`id`),
  KEY `auth_permissions_users_user_id_foreign` (`user_id`),
  CONSTRAINT `auth_permissions_users_user_id_foreign` FOREIGN KEY (`user_id`) REFERENCES `users` (`id`) ON DELETE CASCADE
) ENGINE=InnoDB DEFAULT CHARSET=utf8mb3;

-- Volcando datos para la tabla abastos.auth_permissions_users: ~0 rows (aproximadamente)
DELETE FROM `auth_permissions_users`;

-- Volcando estructura para tabla abastos.auth_remember_tokens
CREATE TABLE IF NOT EXISTS `auth_remember_tokens` (
  `id` int unsigned NOT NULL AUTO_INCREMENT,
  `selector` varchar(255) NOT NULL,
  `hashedValidator` varchar(255) NOT NULL,
  `user_id` int unsigned NOT NULL,
  `expires` datetime NOT NULL,
  `created_at` datetime NOT NULL,
  `updated_at` datetime NOT NULL,
  PRIMARY KEY (`id`),
  UNIQUE KEY `selector` (`selector`),
  KEY `auth_remember_tokens_user_id_foreign` (`user_id`),
  CONSTRAINT `auth_remember_tokens_user_id_foreign` FOREIGN KEY (`user_id`) REFERENCES `users` (`id`) ON DELETE CASCADE
) ENGINE=InnoDB AUTO_INCREMENT=3 DEFAULT CHARSET=utf8mb3;

-- Volcando datos para la tabla abastos.auth_remember_tokens: ~0 rows (aproximadamente)
DELETE FROM `auth_remember_tokens`;

-- Volcando estructura para tabla abastos.auth_token_logins
CREATE TABLE IF NOT EXISTS `auth_token_logins` (
  `id` int unsigned NOT NULL AUTO_INCREMENT,
  `ip_address` varchar(255) NOT NULL,
  `user_agent` varchar(255) DEFAULT NULL,
  `id_type` varchar(255) NOT NULL,
  `identifier` varchar(255) NOT NULL,
  `user_id` int unsigned DEFAULT NULL,
  `date` datetime NOT NULL,
  `success` tinyint(1) NOT NULL,
  PRIMARY KEY (`id`),
  KEY `id_type_identifier` (`id_type`,`identifier`),
  KEY `user_id` (`user_id`)
) ENGINE=InnoDB DEFAULT CHARSET=utf8mb3;

-- Volcando datos para la tabla abastos.auth_token_logins: ~0 rows (aproximadamente)
DELETE FROM `auth_token_logins`;

-- Volcando estructura para tabla abastos.migrations
CREATE TABLE IF NOT EXISTS `migrations` (
  `id` bigint unsigned NOT NULL AUTO_INCREMENT,
  `version` varchar(255) NOT NULL,
  `class` varchar(255) NOT NULL,
  `group` varchar(255) NOT NULL,
  `namespace` varchar(255) NOT NULL,
  `time` int NOT NULL,
  `batch` int unsigned NOT NULL,
  PRIMARY KEY (`id`)
) ENGINE=InnoDB AUTO_INCREMENT=4 DEFAULT CHARSET=utf8mb3;

-- Volcando datos para la tabla abastos.migrations: ~3 rows (aproximadamente)
DELETE FROM `migrations`;
INSERT INTO `migrations` (`id`, `version`, `class`, `group`, `namespace`, `time`, `batch`) VALUES
	(1, '2020-12-28-223112', 'CodeIgniter\\Shield\\Database\\Migrations\\CreateAuthTables', 'default', 'CodeIgniter\\Shield', 1659770739, 1),
	(2, '2021-07-04-041948', 'CodeIgniter\\Settings\\Database\\Migrations\\CreateSettingsTable', 'default', 'CodeIgniter\\Settings', 1659770739, 1),
	(3, '2021-11-14-143905', 'CodeIgniter\\Settings\\Database\\Migrations\\AddContextColumn', 'default', 'CodeIgniter\\Settings', 1659770739, 1);

-- Volcando estructura para tabla abastos.prices
CREATE TABLE IF NOT EXISTS `prices` (
  `id` int NOT NULL AUTO_INCREMENT,
  `id_product` int NOT NULL,
  `price` int NOT NULL DEFAULT '0',
  `active` int NOT NULL DEFAULT '1',
  `date` date DEFAULT NULL,
  `d_create` timestamp NOT NULL DEFAULT CURRENT_TIMESTAMP,
  `d_update` timestamp NULL DEFAULT NULL,
  KEY `Índice 1` (`id`),
  KEY `fk_prices_products` (`id_product`),
  CONSTRAINT `fk_prices_products` FOREIGN KEY (`id_product`) REFERENCES `products` (`id`) ON DELETE CASCADE ON UPDATE CASCADE
) ENGINE=InnoDB AUTO_INCREMENT=388 DEFAULT CHARSET=utf8mb3 COLLATE=utf8mb3_unicode_ci;

-- Volcando datos para la tabla abastos.prices: ~387 rows (aproximadamente)
DELETE FROM `prices`;
INSERT INTO `prices` (`id`, `id_product`, `price`, `active`, `date`, `d_create`, `d_update`) VALUES
	(1, 95, 15000, 1, '2023-03-04', '2023-03-03 00:14:30', '2023-03-03 00:14:30'),
	(2, 34, 5500, 1, '2023-03-04', '2023-03-03 00:28:49', '2023-03-03 00:28:49'),
	(3, 5, 1500, 1, '2023-03-04', '2023-03-03 00:29:16', '2023-03-03 00:29:16'),
	(4, 4, 6500, 1, '2023-03-04', '2023-03-03 00:29:25', '2023-03-03 00:29:25'),
	(5, 94, 16000, 1, '2023-03-04', '2023-03-03 00:29:36', '2023-03-03 00:29:36'),
	(6, 94, 14000, 1, '2023-03-04', '2023-03-03 00:30:03', '2023-03-03 00:30:03'),
	(7, 4, 7000, 1, '2023-03-05', '2023-03-03 00:30:23', '2023-03-03 00:30:23'),
	(8, 95, 13000, 1, '2023-03-05', '2023-03-03 14:02:36', '2023-03-03 14:02:36'),
	(9, 94, 13000, 1, '2023-03-05', '2023-03-03 14:03:07', '2023-03-03 14:03:07'),
	(10, 4, 4500, 1, '2023-03-05', '2023-03-03 14:03:43', '2023-03-03 14:03:43'),
	(11, 4, 6000, 1, '2023-03-06', '2023-03-03 14:03:53', '2023-03-03 14:03:53'),
	(12, 1, 450, 1, '2023-03-06', '2023-03-03 18:23:37', '2023-03-03 18:23:37'),
	(13, 95, 12500, 1, '2023-03-06', '2023-03-03 18:27:31', '2023-03-03 18:27:31'),
	(14, 33, 3000, 1, '2023-03-06', '2023-03-03 18:32:04', '2023-03-03 18:32:04'),
	(15, 33, 3500, 1, '2023-03-06', '2023-03-03 18:32:21', '2023-03-03 18:32:21'),
	(16, 94, 15000, 1, '2023-03-06', '2023-03-06 14:32:23', '2023-03-06 14:32:23'),
	(17, 94, 15000, 1, '2023-03-06', '2023-03-06 14:34:02', '2023-03-06 14:34:02'),
	(18, 96, 15000, 1, '2023-03-06', '2023-03-06 14:35:31', '2023-03-06 14:35:31'),
	(19, 94, 15000, 1, '2023-03-06', '2023-03-06 14:36:43', '2023-03-06 14:36:43'),
	(20, 94, 15000, 1, '2023-03-06', '2023-03-06 14:37:33', '2023-03-06 14:37:33'),
	(21, 176, 12000, 1, '2023-03-07', '2023-03-07 14:07:16', '2023-03-07 14:07:16'),
	(22, 1, 9500, 1, '2023-03-07', '2023-03-07 15:53:17', '2023-03-07 15:53:17'),
	(23, 2, 9500, 1, '2023-03-07', '2023-03-07 15:53:17', '2023-03-07 15:53:17'),
	(24, 3, 9500, 1, '2023-03-07', '2023-03-07 15:53:17', '2023-03-07 15:53:17'),
	(25, 4, 12000, 1, '2023-03-07', '2023-03-07 15:53:17', '2023-03-07 15:53:17'),
	(26, 5, 9500, 1, '2023-03-07', '2023-03-07 15:53:17', '2023-03-07 15:53:17'),
	(27, 6, 9500, 1, '2023-03-07', '2023-03-07 15:53:17', '2023-03-07 15:53:17'),
	(28, 7, 9500, 1, '2023-03-07', '2023-03-07 15:53:17', '2023-03-07 15:53:17'),
	(29, 8, 9500, 1, '2023-03-07', '2023-03-07 15:53:17', '2023-03-07 15:53:17'),
	(30, 9, 12000, 1, '2023-03-07', '2023-03-07 15:53:17', '2023-03-07 15:53:17'),
	(31, 10, 9500, 1, '2023-03-07', '2023-03-07 15:53:17', '2023-03-07 15:53:17'),
	(32, 11, 9500, 1, '2023-03-07', '2023-03-07 15:53:17', '2023-03-07 15:53:17'),
	(33, 12, 9500, 1, '2023-03-07', '2023-03-07 15:53:17', '2023-03-07 15:53:17'),
	(34, 13, 9500, 1, '2023-03-07', '2023-03-07 15:53:17', '2023-03-07 15:53:17'),
	(35, 14, 9500, 1, '2023-03-07', '2023-03-07 15:53:17', '2023-03-07 15:53:17'),
	(36, 15, 9500, 1, '2023-03-07', '2023-03-07 15:53:17', '2023-03-07 15:53:17'),
	(37, 175, 25000, 1, '2023-03-07', '2023-03-07 17:43:57', '2023-03-07 17:43:57'),
	(38, 94, 0, 1, '2023-03-07', '2023-03-07 17:43:57', '2023-03-07 17:43:57'),
	(39, 95, 0, 1, '2023-03-07', '2023-03-07 17:43:57', '2023-03-07 17:43:57'),
	(40, 96, 0, 1, '2023-03-07', '2023-03-07 17:43:57', '2023-03-07 17:43:57'),
	(41, 1, 9500, 1, '2023-03-07', '2023-03-07 17:43:57', '2023-03-07 17:43:57'),
	(42, 33, 0, 1, '2023-03-07', '2023-03-07 17:43:57', '2023-03-07 17:43:57'),
	(43, 34, 0, 1, '2023-03-07', '2023-03-07 17:43:57', '2023-03-07 17:43:57'),
	(44, 2, 9500, 1, '2023-03-07', '2023-03-07 17:43:57', '2023-03-07 17:43:57'),
	(45, 3, 9500, 1, '2023-03-07', '2023-03-07 17:43:57', '2023-03-07 17:43:57'),
	(46, 4, 12000, 1, '2023-03-07', '2023-03-07 17:43:57', '2023-03-07 17:43:57'),
	(47, 5, 9500, 1, '2023-03-07', '2023-03-07 17:43:57', '2023-03-07 17:43:57'),
	(48, 79, 0, 1, '2023-03-07', '2023-03-07 17:43:57', '2023-03-07 17:43:57'),
	(49, 97, 0, 1, '2023-03-07', '2023-03-07 17:43:57', '2023-03-07 17:43:57'),
	(50, 98, 0, 1, '2023-03-07', '2023-03-07 17:43:57', '2023-03-07 17:43:57'),
	(51, 99, 0, 1, '2023-03-07', '2023-03-07 17:43:57', '2023-03-07 17:43:57'),
	(52, 6, 9500, 1, '2023-03-07', '2023-03-07 17:43:57', '2023-03-07 17:43:57'),
	(53, 100, 0, 1, '2023-03-07', '2023-03-07 17:43:57', '2023-03-07 17:43:57'),
	(54, 101, 0, 1, '2023-03-07', '2023-03-07 17:43:57', '2023-03-07 17:43:57'),
	(55, 102, 0, 1, '2023-03-07', '2023-03-07 17:43:57', '2023-03-07 17:43:57'),
	(56, 130, 0, 1, '2023-03-07', '2023-03-07 17:43:57', '2023-03-07 17:43:57'),
	(57, 131, 0, 1, '2023-03-07', '2023-03-07 17:43:57', '2023-03-07 17:43:57'),
	(58, 35, 0, 1, '2023-03-07', '2023-03-07 17:43:57', '2023-03-07 17:43:57'),
	(59, 36, 0, 1, '2023-03-07', '2023-03-07 17:43:57', '2023-03-07 17:43:57'),
	(60, 7, 9500, 1, '2023-03-07', '2023-03-07 17:43:57', '2023-03-07 17:43:57'),
	(61, 132, 0, 1, '2023-03-07', '2023-03-07 17:43:57', '2023-03-07 17:43:57'),
	(62, 133, 0, 1, '2023-03-07', '2023-03-07 17:43:57', '2023-03-07 17:43:57'),
	(63, 37, 0, 1, '2023-03-07', '2023-03-07 17:43:57', '2023-03-07 17:43:57'),
	(64, 8, 9500, 1, '2023-03-07', '2023-03-07 17:43:57', '2023-03-07 17:43:57'),
	(65, 134, 0, 1, '2023-03-07', '2023-03-07 17:43:57', '2023-03-07 17:43:57'),
	(66, 135, 0, 1, '2023-03-07', '2023-03-07 17:43:57', '2023-03-07 17:43:57'),
	(67, 103, 0, 1, '2023-03-07', '2023-03-07 17:43:57', '2023-03-07 17:43:57'),
	(68, 136, 0, 1, '2023-03-07', '2023-03-07 17:43:57', '2023-03-07 17:43:57'),
	(69, 9, 12000, 1, '2023-03-07', '2023-03-07 17:43:57', '2023-03-07 17:43:57'),
	(70, 10, 9500, 1, '2023-03-07', '2023-03-07 17:43:57', '2023-03-07 17:43:57'),
	(71, 137, 0, 1, '2023-03-07', '2023-03-07 17:43:57', '2023-03-07 17:43:57'),
	(72, 138, 0, 1, '2023-03-07', '2023-03-07 17:43:57', '2023-03-07 17:43:57'),
	(73, 139, 0, 1, '2023-03-07', '2023-03-07 17:43:57', '2023-03-07 17:43:57'),
	(74, 140, 0, 1, '2023-03-07', '2023-03-07 17:43:57', '2023-03-07 17:43:57'),
	(75, 104, 0, 1, '2023-03-07', '2023-03-07 17:43:57', '2023-03-07 17:43:57'),
	(76, 11, 9500, 1, '2023-03-07', '2023-03-07 17:43:57', '2023-03-07 17:43:57'),
	(77, 12, 9500, 1, '2023-03-07', '2023-03-07 17:43:57', '2023-03-07 17:43:57'),
	(78, 13, 9500, 1, '2023-03-07', '2023-03-07 17:43:57', '2023-03-07 17:43:57'),
	(79, 141, 0, 1, '2023-03-07', '2023-03-07 17:43:57', '2023-03-07 17:43:57'),
	(80, 105, 0, 1, '2023-03-07', '2023-03-07 17:43:57', '2023-03-07 17:43:57'),
	(81, 14, 9500, 1, '2023-03-07', '2023-03-07 17:43:57', '2023-03-07 17:43:57'),
	(82, 38, 0, 1, '2023-03-07', '2023-03-07 17:43:57', '2023-03-07 17:43:57'),
	(83, 15, 9500, 1, '2023-03-07', '2023-03-07 17:43:57', '2023-03-07 17:43:57'),
	(84, 142, 0, 1, '2023-03-07', '2023-03-07 17:43:57', '2023-03-07 17:43:57'),
	(85, 143, 0, 1, '2023-03-07', '2023-03-07 17:43:57', '2023-03-07 17:43:57'),
	(86, 124, 0, 1, '2023-03-07', '2023-03-07 17:43:57', '2023-03-07 17:43:57'),
	(87, 144, 0, 1, '2023-03-07', '2023-03-07 17:43:57', '2023-03-07 17:43:57'),
	(88, 106, 0, 1, '2023-03-07', '2023-03-07 17:43:57', '2023-03-07 17:43:57'),
	(89, 107, 0, 1, '2023-03-07', '2023-03-07 17:43:57', '2023-03-07 17:43:57'),
	(90, 108, 0, 1, '2023-03-07', '2023-03-07 17:43:57', '2023-03-07 17:43:57'),
	(91, 39, 0, 1, '2023-03-07', '2023-03-07 17:43:57', '2023-03-07 17:43:57'),
	(92, 40, 0, 1, '2023-03-07', '2023-03-07 17:43:57', '2023-03-07 17:43:57'),
	(93, 145, 0, 1, '2023-03-07', '2023-03-07 17:43:57', '2023-03-07 17:43:57'),
	(94, 41, 0, 1, '2023-03-07', '2023-03-07 17:43:57', '2023-03-07 17:43:57'),
	(95, 16, 0, 1, '2023-03-07', '2023-03-07 17:43:57', '2023-03-07 17:43:57'),
	(96, 42, 0, 1, '2023-03-07', '2023-03-07 17:43:57', '2023-03-07 17:43:57'),
	(97, 146, 0, 1, '2023-03-07', '2023-03-07 17:43:57', '2023-03-07 17:43:57'),
	(98, 147, 0, 1, '2023-03-07', '2023-03-07 17:43:57', '2023-03-07 17:43:57'),
	(99, 43, 0, 1, '2023-03-07', '2023-03-07 17:43:57', '2023-03-07 17:43:57'),
	(100, 109, 0, 1, '2023-03-07', '2023-03-07 17:43:57', '2023-03-07 17:43:57'),
	(101, 110, 0, 1, '2023-03-07', '2023-03-07 17:43:57', '2023-03-07 17:43:57'),
	(102, 17, 0, 1, '2023-03-07', '2023-03-07 17:43:57', '2023-03-07 17:43:57'),
	(103, 18, 0, 1, '2023-03-07', '2023-03-07 17:43:57', '2023-03-07 17:43:57'),
	(104, 111, 0, 1, '2023-03-07', '2023-03-07 17:43:57', '2023-03-07 17:43:57'),
	(105, 44, 0, 1, '2023-03-07', '2023-03-07 17:43:57', '2023-03-07 17:43:57'),
	(106, 148, 0, 1, '2023-03-07', '2023-03-07 17:43:57', '2023-03-07 17:43:57'),
	(107, 45, 0, 1, '2023-03-07', '2023-03-07 17:43:57', '2023-03-07 17:43:57'),
	(108, 46, 0, 1, '2023-03-07', '2023-03-07 17:43:57', '2023-03-07 17:43:57'),
	(109, 19, 0, 1, '2023-03-07', '2023-03-07 17:43:57', '2023-03-07 17:43:57'),
	(110, 20, 0, 1, '2023-03-07', '2023-03-07 17:43:57', '2023-03-07 17:43:57'),
	(111, 112, 0, 1, '2023-03-07', '2023-03-07 17:43:57', '2023-03-07 17:43:57'),
	(112, 113, 0, 1, '2023-03-07', '2023-03-07 17:43:57', '2023-03-07 17:43:57'),
	(113, 167, 0, 1, '2023-03-07', '2023-03-07 17:43:57', '2023-03-07 17:43:57'),
	(114, 168, 0, 1, '2023-03-07', '2023-03-07 17:43:57', '2023-03-07 17:43:57'),
	(115, 169, 0, 1, '2023-03-07', '2023-03-07 17:43:57', '2023-03-07 17:43:57'),
	(116, 170, 0, 1, '2023-03-07', '2023-03-07 17:43:57', '2023-03-07 17:43:57'),
	(117, 171, 0, 1, '2023-03-07', '2023-03-07 17:43:57', '2023-03-07 17:43:57'),
	(118, 172, 0, 1, '2023-03-07', '2023-03-07 17:43:57', '2023-03-07 17:43:57'),
	(119, 173, 0, 1, '2023-03-07', '2023-03-07 17:43:57', '2023-03-07 17:43:57'),
	(120, 174, 0, 1, '2023-03-07', '2023-03-07 17:43:57', '2023-03-07 17:43:57'),
	(121, 114, 0, 1, '2023-03-07', '2023-03-07 17:43:57', '2023-03-07 17:43:57'),
	(122, 21, 0, 1, '2023-03-07', '2023-03-07 17:43:57', '2023-03-07 17:43:57'),
	(123, 47, 0, 1, '2023-03-07', '2023-03-07 17:43:57', '2023-03-07 17:43:57'),
	(124, 48, 0, 1, '2023-03-07', '2023-03-07 17:43:57', '2023-03-07 17:43:57'),
	(125, 149, 0, 1, '2023-03-07', '2023-03-07 17:43:57', '2023-03-07 17:43:57'),
	(126, 49, 0, 1, '2023-03-07', '2023-03-07 17:43:57', '2023-03-07 17:43:57'),
	(127, 115, 0, 1, '2023-03-07', '2023-03-07 17:43:57', '2023-03-07 17:43:57'),
	(128, 116, 0, 1, '2023-03-07', '2023-03-07 17:43:57', '2023-03-07 17:43:57'),
	(129, 117, 0, 1, '2023-03-07', '2023-03-07 17:43:57', '2023-03-07 17:43:57'),
	(130, 118, 0, 1, '2023-03-07', '2023-03-07 17:43:57', '2023-03-07 17:43:57'),
	(131, 50, 0, 1, '2023-03-07', '2023-03-07 17:43:57', '2023-03-07 17:43:57'),
	(132, 51, 0, 1, '2023-03-07', '2023-03-07 17:43:57', '2023-03-07 17:43:57'),
	(133, 52, 0, 1, '2023-03-07', '2023-03-07 17:43:57', '2023-03-07 17:43:57'),
	(134, 53, 0, 1, '2023-03-07', '2023-03-07 17:43:57', '2023-03-07 17:43:57'),
	(135, 54, 0, 1, '2023-03-07', '2023-03-07 17:43:57', '2023-03-07 17:43:57'),
	(136, 55, 0, 1, '2023-03-07', '2023-03-07 17:43:57', '2023-03-07 17:43:57'),
	(137, 119, 0, 1, '2023-03-07', '2023-03-07 17:43:57', '2023-03-07 17:43:57'),
	(138, 56, 0, 1, '2023-03-07', '2023-03-07 17:43:57', '2023-03-07 17:43:57'),
	(139, 57, 0, 1, '2023-03-07', '2023-03-07 17:43:57', '2023-03-07 17:43:57'),
	(140, 58, 0, 1, '2023-03-07', '2023-03-07 17:43:57', '2023-03-07 17:43:57'),
	(141, 59, 0, 1, '2023-03-07', '2023-03-07 17:43:57', '2023-03-07 17:43:57'),
	(142, 120, 0, 1, '2023-03-07', '2023-03-07 17:43:57', '2023-03-07 17:43:57'),
	(143, 22, 0, 1, '2023-03-07', '2023-03-07 17:43:57', '2023-03-07 17:43:57'),
	(144, 60, 0, 1, '2023-03-07', '2023-03-07 17:43:57', '2023-03-07 17:43:57'),
	(145, 150, 0, 1, '2023-03-07', '2023-03-07 17:43:57', '2023-03-07 17:43:57'),
	(146, 151, 0, 1, '2023-03-07', '2023-03-07 17:43:57', '2023-03-07 17:43:57'),
	(147, 152, 0, 1, '2023-03-07', '2023-03-07 17:43:57', '2023-03-07 17:43:57'),
	(148, 61, 0, 1, '2023-03-07', '2023-03-07 17:43:57', '2023-03-07 17:43:57'),
	(149, 62, 0, 1, '2023-03-07', '2023-03-07 17:43:57', '2023-03-07 17:43:57'),
	(150, 63, 0, 1, '2023-03-07', '2023-03-07 17:43:57', '2023-03-07 17:43:57'),
	(151, 64, 0, 1, '2023-03-07', '2023-03-07 17:43:57', '2023-03-07 17:43:57'),
	(152, 65, 0, 1, '2023-03-07', '2023-03-07 17:43:57', '2023-03-07 17:43:57'),
	(153, 153, 0, 1, '2023-03-07', '2023-03-07 17:43:57', '2023-03-07 17:43:57'),
	(154, 154, 0, 1, '2023-03-07', '2023-03-07 17:43:57', '2023-03-07 17:43:57'),
	(155, 121, 0, 1, '2023-03-07', '2023-03-07 17:43:57', '2023-03-07 17:43:57'),
	(156, 80, 0, 1, '2023-03-07', '2023-03-07 17:43:57', '2023-03-07 17:43:57'),
	(157, 81, 0, 1, '2023-03-07', '2023-03-07 17:43:57', '2023-03-07 17:43:57'),
	(158, 82, 0, 1, '2023-03-07', '2023-03-07 17:43:57', '2023-03-07 17:43:57'),
	(159, 83, 0, 1, '2023-03-07', '2023-03-07 17:43:57', '2023-03-07 17:43:57'),
	(160, 84, 0, 1, '2023-03-07', '2023-03-07 17:43:57', '2023-03-07 17:43:57'),
	(161, 85, 0, 1, '2023-03-07', '2023-03-07 17:43:57', '2023-03-07 17:43:57'),
	(162, 86, 0, 1, '2023-03-07', '2023-03-07 17:43:57', '2023-03-07 17:43:57'),
	(163, 87, 0, 1, '2023-03-07', '2023-03-07 17:43:57', '2023-03-07 17:43:57'),
	(164, 88, 0, 1, '2023-03-07', '2023-03-07 17:43:57', '2023-03-07 17:43:57'),
	(165, 66, 0, 1, '2023-03-07', '2023-03-07 17:43:57', '2023-03-07 17:43:57'),
	(166, 67, 0, 1, '2023-03-07', '2023-03-07 17:43:57', '2023-03-07 17:43:57'),
	(167, 68, 0, 1, '2023-03-07', '2023-03-07 17:43:57', '2023-03-07 17:43:57'),
	(168, 69, 0, 1, '2023-03-07', '2023-03-07 17:43:57', '2023-03-07 17:43:57'),
	(169, 70, 0, 1, '2023-03-07', '2023-03-07 17:43:57', '2023-03-07 17:43:57'),
	(170, 122, 0, 1, '2023-03-07', '2023-03-07 17:43:57', '2023-03-07 17:43:57'),
	(171, 71, 0, 1, '2023-03-07', '2023-03-07 17:43:57', '2023-03-07 17:43:57'),
	(172, 155, 0, 1, '2023-03-07', '2023-03-07 17:43:57', '2023-03-07 17:43:57'),
	(173, 156, 0, 1, '2023-03-07', '2023-03-07 17:43:57', '2023-03-07 17:43:57'),
	(174, 23, 0, 1, '2023-03-07', '2023-03-07 17:43:57', '2023-03-07 17:43:57'),
	(175, 24, 0, 1, '2023-03-07', '2023-03-07 17:43:57', '2023-03-07 17:43:57'),
	(176, 157, 0, 1, '2023-03-07', '2023-03-07 17:43:57', '2023-03-07 17:43:57'),
	(177, 158, 0, 1, '2023-03-07', '2023-03-07 17:43:57', '2023-03-07 17:43:57'),
	(178, 159, 0, 1, '2023-03-07', '2023-03-07 17:43:57', '2023-03-07 17:43:57'),
	(179, 160, 0, 1, '2023-03-07', '2023-03-07 17:43:57', '2023-03-07 17:43:57'),
	(180, 25, 0, 1, '2023-03-07', '2023-03-07 17:43:57', '2023-03-07 17:43:57'),
	(181, 72, 0, 1, '2023-03-07', '2023-03-07 17:43:57', '2023-03-07 17:43:57'),
	(182, 73, 0, 1, '2023-03-07', '2023-03-07 17:43:57', '2023-03-07 17:43:57'),
	(183, 161, 0, 1, '2023-03-07', '2023-03-07 17:43:57', '2023-03-07 17:43:57'),
	(184, 74, 0, 1, '2023-03-07', '2023-03-07 17:43:57', '2023-03-07 17:43:57'),
	(185, 91, 0, 1, '2023-03-07', '2023-03-07 17:43:57', '2023-03-07 17:43:57'),
	(186, 92, 0, 1, '2023-03-07', '2023-03-07 17:43:57', '2023-03-07 17:43:57'),
	(187, 92, 0, 1, '2023-03-07', '2023-03-07 17:43:57', '2023-03-07 17:43:57'),
	(188, 162, 0, 1, '2023-03-07', '2023-03-07 17:43:57', '2023-03-07 17:43:57'),
	(189, 125, 0, 1, '2023-03-07', '2023-03-07 17:43:57', '2023-03-07 17:43:57'),
	(190, 126, 0, 1, '2023-03-07', '2023-03-07 17:43:57', '2023-03-07 17:43:57'),
	(191, 127, 0, 1, '2023-03-07', '2023-03-07 17:43:57', '2023-03-07 17:43:57'),
	(192, 128, 0, 1, '2023-03-07', '2023-03-07 17:43:57', '2023-03-07 17:43:57'),
	(193, 129, 0, 1, '2023-03-07', '2023-03-07 17:43:57', '2023-03-07 17:43:57'),
	(194, 26, 0, 1, '2023-03-07', '2023-03-07 17:43:57', '2023-03-07 17:43:57'),
	(195, 27, 0, 1, '2023-03-07', '2023-03-07 17:43:57', '2023-03-07 17:43:57'),
	(196, 28, 0, 1, '2023-03-07', '2023-03-07 17:43:57', '2023-03-07 17:43:57'),
	(197, 123, 0, 1, '2023-03-07', '2023-03-07 17:43:57', '2023-03-07 17:43:57'),
	(198, 163, 0, 1, '2023-03-07', '2023-03-07 17:43:57', '2023-03-07 17:43:57'),
	(199, 164, 0, 1, '2023-03-07', '2023-03-07 17:43:57', '2023-03-07 17:43:57'),
	(200, 29, 0, 1, '2023-03-07', '2023-03-07 17:43:57', '2023-03-07 17:43:57'),
	(201, 75, 0, 1, '2023-03-07', '2023-03-07 17:43:57', '2023-03-07 17:43:57'),
	(202, 30, 0, 1, '2023-03-07', '2023-03-07 17:43:57', '2023-03-07 17:43:57'),
	(203, 31, 0, 1, '2023-03-07', '2023-03-07 17:43:57', '2023-03-07 17:43:57'),
	(204, 165, 0, 1, '2023-03-07', '2023-03-07 17:43:57', '2023-03-07 17:43:57'),
	(205, 166, 0, 1, '2023-03-07', '2023-03-07 17:43:57', '2023-03-07 17:43:57'),
	(206, 76, 0, 1, '2023-03-07', '2023-03-07 17:43:57', '2023-03-07 17:43:57'),
	(207, 77, 0, 1, '2023-03-07', '2023-03-07 17:43:57', '2023-03-07 17:43:57'),
	(208, 78, 0, 1, '2023-03-07', '2023-03-07 17:43:57', '2023-03-07 17:43:57'),
	(209, 89, 0, 1, '2023-03-07', '2023-03-07 17:43:57', '2023-03-07 17:43:57'),
	(210, 90, 0, 1, '2023-03-07', '2023-03-07 17:43:57', '2023-03-07 17:43:57'),
	(211, 32, 0, 1, '2023-03-07', '2023-03-07 17:43:57', '2023-03-07 17:43:57'),
	(212, 176, 13000, 1, '2023-03-07', '2023-03-07 21:29:39', '2023-03-07 21:29:39'),
	(213, 175, 28000, 1, '2023-03-14', '2023-03-14 15:48:03', '2023-03-14 15:48:03'),
	(214, 94, 0, 1, '2023-03-14', '2023-03-14 15:48:03', '2023-03-14 15:48:03'),
	(215, 95, 0, 1, '2023-03-14', '2023-03-14 15:48:03', '2023-03-14 15:48:03'),
	(216, 96, 0, 1, '2023-03-14', '2023-03-14 15:48:03', '2023-03-14 15:48:03'),
	(217, 1, 10200, 1, '2023-03-14', '2023-03-14 15:48:03', '2023-03-14 15:48:03'),
	(218, 33, 0, 1, '2023-03-14', '2023-03-14 15:48:03', '2023-03-14 15:48:03'),
	(219, 34, 0, 1, '2023-03-14', '2023-03-14 15:48:03', '2023-03-14 15:48:03'),
	(220, 2, 9500, 1, '2023-03-14', '2023-03-14 15:48:03', '2023-03-14 15:48:03'),
	(221, 3, 9500, 1, '2023-03-14', '2023-03-14 15:48:03', '2023-03-14 15:48:03'),
	(222, 4, 12000, 1, '2023-03-14', '2023-03-14 15:48:03', '2023-03-14 15:48:03'),
	(223, 5, 9500, 1, '2023-03-14', '2023-03-14 15:48:03', '2023-03-14 15:48:03'),
	(224, 79, 0, 1, '2023-03-14', '2023-03-14 15:48:03', '2023-03-14 15:48:03'),
	(225, 97, 0, 1, '2023-03-14', '2023-03-14 15:48:03', '2023-03-14 15:48:03'),
	(226, 98, 0, 1, '2023-03-14', '2023-03-14 15:48:03', '2023-03-14 15:48:03'),
	(227, 99, 0, 1, '2023-03-14', '2023-03-14 15:48:03', '2023-03-14 15:48:03'),
	(228, 6, 9500, 1, '2023-03-14', '2023-03-14 15:48:03', '2023-03-14 15:48:03'),
	(229, 100, 0, 1, '2023-03-14', '2023-03-14 15:48:03', '2023-03-14 15:48:03'),
	(230, 101, 0, 1, '2023-03-14', '2023-03-14 15:48:03', '2023-03-14 15:48:03'),
	(231, 102, 0, 1, '2023-03-14', '2023-03-14 15:48:03', '2023-03-14 15:48:03'),
	(232, 130, 0, 1, '2023-03-14', '2023-03-14 15:48:03', '2023-03-14 15:48:03'),
	(233, 131, 0, 1, '2023-03-14', '2023-03-14 15:48:03', '2023-03-14 15:48:03'),
	(234, 35, 0, 1, '2023-03-14', '2023-03-14 15:48:03', '2023-03-14 15:48:03'),
	(235, 36, 0, 1, '2023-03-14', '2023-03-14 15:48:03', '2023-03-14 15:48:03'),
	(236, 7, 9500, 1, '2023-03-14', '2023-03-14 15:48:03', '2023-03-14 15:48:03'),
	(237, 132, 0, 1, '2023-03-14', '2023-03-14 15:48:03', '2023-03-14 15:48:03'),
	(238, 133, 0, 1, '2023-03-14', '2023-03-14 15:48:03', '2023-03-14 15:48:03'),
	(239, 37, 0, 1, '2023-03-14', '2023-03-14 15:48:03', '2023-03-14 15:48:03'),
	(240, 8, 9500, 1, '2023-03-14', '2023-03-14 15:48:03', '2023-03-14 15:48:03'),
	(241, 134, 0, 1, '2023-03-14', '2023-03-14 15:48:03', '2023-03-14 15:48:03'),
	(242, 135, 0, 1, '2023-03-14', '2023-03-14 15:48:03', '2023-03-14 15:48:03'),
	(243, 103, 0, 1, '2023-03-14', '2023-03-14 15:48:03', '2023-03-14 15:48:03'),
	(244, 136, 0, 1, '2023-03-14', '2023-03-14 15:48:03', '2023-03-14 15:48:03'),
	(245, 9, 12000, 1, '2023-03-14', '2023-03-14 15:48:03', '2023-03-14 15:48:03'),
	(246, 10, 9500, 1, '2023-03-14', '2023-03-14 15:48:03', '2023-03-14 15:48:03'),
	(247, 137, 0, 1, '2023-03-14', '2023-03-14 15:48:03', '2023-03-14 15:48:03'),
	(248, 138, 0, 1, '2023-03-14', '2023-03-14 15:48:03', '2023-03-14 15:48:03'),
	(249, 139, 0, 1, '2023-03-14', '2023-03-14 15:48:03', '2023-03-14 15:48:03'),
	(250, 140, 0, 1, '2023-03-14', '2023-03-14 15:48:03', '2023-03-14 15:48:03'),
	(251, 104, 0, 1, '2023-03-14', '2023-03-14 15:48:03', '2023-03-14 15:48:03'),
	(252, 11, 9500, 1, '2023-03-14', '2023-03-14 15:48:03', '2023-03-14 15:48:03'),
	(253, 12, 9500, 1, '2023-03-14', '2023-03-14 15:48:03', '2023-03-14 15:48:03'),
	(254, 13, 9500, 1, '2023-03-14', '2023-03-14 15:48:03', '2023-03-14 15:48:03'),
	(255, 141, 0, 1, '2023-03-14', '2023-03-14 15:48:03', '2023-03-14 15:48:03'),
	(256, 105, 0, 1, '2023-03-14', '2023-03-14 15:48:03', '2023-03-14 15:48:03'),
	(257, 14, 9500, 1, '2023-03-14', '2023-03-14 15:48:03', '2023-03-14 15:48:03'),
	(258, 38, 0, 1, '2023-03-14', '2023-03-14 15:48:03', '2023-03-14 15:48:03'),
	(259, 15, 9500, 1, '2023-03-14', '2023-03-14 15:48:03', '2023-03-14 15:48:03'),
	(260, 142, 0, 1, '2023-03-14', '2023-03-14 15:48:03', '2023-03-14 15:48:03'),
	(261, 143, 0, 1, '2023-03-14', '2023-03-14 15:48:03', '2023-03-14 15:48:03'),
	(262, 124, 0, 1, '2023-03-14', '2023-03-14 15:48:03', '2023-03-14 15:48:03'),
	(263, 144, 0, 1, '2023-03-14', '2023-03-14 15:48:03', '2023-03-14 15:48:03'),
	(264, 106, 0, 1, '2023-03-14', '2023-03-14 15:48:03', '2023-03-14 15:48:03'),
	(265, 107, 0, 1, '2023-03-14', '2023-03-14 15:48:03', '2023-03-14 15:48:03'),
	(266, 108, 0, 1, '2023-03-14', '2023-03-14 15:48:03', '2023-03-14 15:48:03'),
	(267, 39, 0, 1, '2023-03-14', '2023-03-14 15:48:03', '2023-03-14 15:48:03'),
	(268, 40, 0, 1, '2023-03-14', '2023-03-14 15:48:03', '2023-03-14 15:48:03'),
	(269, 145, 0, 1, '2023-03-14', '2023-03-14 15:48:03', '2023-03-14 15:48:03'),
	(270, 41, 0, 1, '2023-03-14', '2023-03-14 15:48:03', '2023-03-14 15:48:03'),
	(271, 16, 0, 1, '2023-03-14', '2023-03-14 15:48:03', '2023-03-14 15:48:03'),
	(272, 42, 0, 1, '2023-03-14', '2023-03-14 15:48:03', '2023-03-14 15:48:03'),
	(273, 146, 0, 1, '2023-03-14', '2023-03-14 15:48:03', '2023-03-14 15:48:03'),
	(274, 147, 0, 1, '2023-03-14', '2023-03-14 15:48:03', '2023-03-14 15:48:03'),
	(275, 43, 0, 1, '2023-03-14', '2023-03-14 15:48:03', '2023-03-14 15:48:03'),
	(276, 109, 0, 1, '2023-03-14', '2023-03-14 15:48:03', '2023-03-14 15:48:03'),
	(277, 110, 0, 1, '2023-03-14', '2023-03-14 15:48:03', '2023-03-14 15:48:03'),
	(278, 17, 0, 1, '2023-03-14', '2023-03-14 15:48:03', '2023-03-14 15:48:03'),
	(279, 18, 0, 1, '2023-03-14', '2023-03-14 15:48:03', '2023-03-14 15:48:03'),
	(280, 111, 0, 1, '2023-03-14', '2023-03-14 15:48:03', '2023-03-14 15:48:03'),
	(281, 44, 0, 1, '2023-03-14', '2023-03-14 15:48:03', '2023-03-14 15:48:03'),
	(282, 148, 0, 1, '2023-03-14', '2023-03-14 15:48:03', '2023-03-14 15:48:03'),
	(283, 45, 0, 1, '2023-03-14', '2023-03-14 15:48:03', '2023-03-14 15:48:03'),
	(284, 46, 0, 1, '2023-03-14', '2023-03-14 15:48:03', '2023-03-14 15:48:03'),
	(285, 19, 0, 1, '2023-03-14', '2023-03-14 15:48:03', '2023-03-14 15:48:03'),
	(286, 20, 0, 1, '2023-03-14', '2023-03-14 15:48:03', '2023-03-14 15:48:03'),
	(287, 112, 0, 1, '2023-03-14', '2023-03-14 15:48:03', '2023-03-14 15:48:03'),
	(288, 113, 0, 1, '2023-03-14', '2023-03-14 15:48:03', '2023-03-14 15:48:03'),
	(289, 167, 0, 1, '2023-03-14', '2023-03-14 15:48:03', '2023-03-14 15:48:03'),
	(290, 168, 0, 1, '2023-03-14', '2023-03-14 15:48:03', '2023-03-14 15:48:03'),
	(291, 169, 0, 1, '2023-03-14', '2023-03-14 15:48:03', '2023-03-14 15:48:03'),
	(292, 170, 0, 1, '2023-03-14', '2023-03-14 15:48:03', '2023-03-14 15:48:03'),
	(293, 171, 0, 1, '2023-03-14', '2023-03-14 15:48:03', '2023-03-14 15:48:03'),
	(294, 172, 0, 1, '2023-03-14', '2023-03-14 15:48:03', '2023-03-14 15:48:03'),
	(295, 173, 0, 1, '2023-03-14', '2023-03-14 15:48:03', '2023-03-14 15:48:03'),
	(296, 174, 0, 1, '2023-03-14', '2023-03-14 15:48:03', '2023-03-14 15:48:03'),
	(297, 114, 0, 1, '2023-03-14', '2023-03-14 15:48:03', '2023-03-14 15:48:03'),
	(298, 21, 0, 1, '2023-03-14', '2023-03-14 15:48:03', '2023-03-14 15:48:03'),
	(299, 47, 0, 1, '2023-03-14', '2023-03-14 15:48:03', '2023-03-14 15:48:03'),
	(300, 48, 0, 1, '2023-03-14', '2023-03-14 15:48:03', '2023-03-14 15:48:03'),
	(301, 149, 0, 1, '2023-03-14', '2023-03-14 15:48:03', '2023-03-14 15:48:03'),
	(302, 49, 0, 1, '2023-03-14', '2023-03-14 15:48:03', '2023-03-14 15:48:03'),
	(303, 115, 0, 1, '2023-03-14', '2023-03-14 15:48:03', '2023-03-14 15:48:03'),
	(304, 116, 0, 1, '2023-03-14', '2023-03-14 15:48:03', '2023-03-14 15:48:03'),
	(305, 117, 0, 1, '2023-03-14', '2023-03-14 15:48:03', '2023-03-14 15:48:03'),
	(306, 118, 0, 1, '2023-03-14', '2023-03-14 15:48:03', '2023-03-14 15:48:03'),
	(307, 50, 0, 1, '2023-03-14', '2023-03-14 15:48:03', '2023-03-14 15:48:03'),
	(308, 51, 0, 1, '2023-03-14', '2023-03-14 15:48:03', '2023-03-14 15:48:03'),
	(309, 52, 0, 1, '2023-03-14', '2023-03-14 15:48:03', '2023-03-14 15:48:03'),
	(310, 53, 0, 1, '2023-03-14', '2023-03-14 15:48:03', '2023-03-14 15:48:03'),
	(311, 54, 0, 1, '2023-03-14', '2023-03-14 15:48:03', '2023-03-14 15:48:03'),
	(312, 55, 0, 1, '2023-03-14', '2023-03-14 15:48:03', '2023-03-14 15:48:03'),
	(313, 119, 0, 1, '2023-03-14', '2023-03-14 15:48:03', '2023-03-14 15:48:03'),
	(314, 56, 0, 1, '2023-03-14', '2023-03-14 15:48:03', '2023-03-14 15:48:03'),
	(315, 57, 0, 1, '2023-03-14', '2023-03-14 15:48:03', '2023-03-14 15:48:03'),
	(316, 58, 0, 1, '2023-03-14', '2023-03-14 15:48:03', '2023-03-14 15:48:03'),
	(317, 59, 0, 1, '2023-03-14', '2023-03-14 15:48:03', '2023-03-14 15:48:03'),
	(318, 120, 0, 1, '2023-03-14', '2023-03-14 15:48:03', '2023-03-14 15:48:03'),
	(319, 22, 0, 1, '2023-03-14', '2023-03-14 15:48:03', '2023-03-14 15:48:03'),
	(320, 60, 0, 1, '2023-03-14', '2023-03-14 15:48:03', '2023-03-14 15:48:03'),
	(321, 150, 0, 1, '2023-03-14', '2023-03-14 15:48:03', '2023-03-14 15:48:03'),
	(322, 151, 0, 1, '2023-03-14', '2023-03-14 15:48:03', '2023-03-14 15:48:03'),
	(323, 152, 0, 1, '2023-03-14', '2023-03-14 15:48:03', '2023-03-14 15:48:03'),
	(324, 61, 0, 1, '2023-03-14', '2023-03-14 15:48:03', '2023-03-14 15:48:03'),
	(325, 62, 0, 1, '2023-03-14', '2023-03-14 15:48:03', '2023-03-14 15:48:03'),
	(326, 63, 0, 1, '2023-03-14', '2023-03-14 15:48:03', '2023-03-14 15:48:03'),
	(327, 64, 0, 1, '2023-03-14', '2023-03-14 15:48:03', '2023-03-14 15:48:03'),
	(328, 65, 0, 1, '2023-03-14', '2023-03-14 15:48:03', '2023-03-14 15:48:03'),
	(329, 153, 0, 1, '2023-03-14', '2023-03-14 15:48:03', '2023-03-14 15:48:03'),
	(330, 154, 0, 1, '2023-03-14', '2023-03-14 15:48:03', '2023-03-14 15:48:03'),
	(331, 121, 0, 1, '2023-03-14', '2023-03-14 15:48:03', '2023-03-14 15:48:03'),
	(332, 80, 0, 1, '2023-03-14', '2023-03-14 15:48:03', '2023-03-14 15:48:03'),
	(333, 81, 0, 1, '2023-03-14', '2023-03-14 15:48:03', '2023-03-14 15:48:03'),
	(334, 82, 0, 1, '2023-03-14', '2023-03-14 15:48:03', '2023-03-14 15:48:03'),
	(335, 83, 0, 1, '2023-03-14', '2023-03-14 15:48:03', '2023-03-14 15:48:03'),
	(336, 84, 0, 1, '2023-03-14', '2023-03-14 15:48:03', '2023-03-14 15:48:03'),
	(337, 85, 0, 1, '2023-03-14', '2023-03-14 15:48:03', '2023-03-14 15:48:03'),
	(338, 86, 0, 1, '2023-03-14', '2023-03-14 15:48:03', '2023-03-14 15:48:03'),
	(339, 87, 0, 1, '2023-03-14', '2023-03-14 15:48:03', '2023-03-14 15:48:03'),
	(340, 88, 0, 1, '2023-03-14', '2023-03-14 15:48:03', '2023-03-14 15:48:03'),
	(341, 66, 0, 1, '2023-03-14', '2023-03-14 15:48:03', '2023-03-14 15:48:03'),
	(342, 67, 0, 1, '2023-03-14', '2023-03-14 15:48:03', '2023-03-14 15:48:03'),
	(343, 68, 0, 1, '2023-03-14', '2023-03-14 15:48:03', '2023-03-14 15:48:03'),
	(344, 69, 0, 1, '2023-03-14', '2023-03-14 15:48:03', '2023-03-14 15:48:03'),
	(345, 70, 0, 1, '2023-03-14', '2023-03-14 15:48:03', '2023-03-14 15:48:03'),
	(346, 122, 0, 1, '2023-03-14', '2023-03-14 15:48:03', '2023-03-14 15:48:03'),
	(347, 71, 0, 1, '2023-03-14', '2023-03-14 15:48:03', '2023-03-14 15:48:03'),
	(348, 155, 0, 1, '2023-03-14', '2023-03-14 15:48:03', '2023-03-14 15:48:03'),
	(349, 156, 0, 1, '2023-03-14', '2023-03-14 15:48:03', '2023-03-14 15:48:03'),
	(350, 23, 0, 1, '2023-03-14', '2023-03-14 15:48:03', '2023-03-14 15:48:03'),
	(351, 24, 0, 1, '2023-03-14', '2023-03-14 15:48:03', '2023-03-14 15:48:03'),
	(352, 157, 0, 1, '2023-03-14', '2023-03-14 15:48:03', '2023-03-14 15:48:03'),
	(353, 158, 0, 1, '2023-03-14', '2023-03-14 15:48:03', '2023-03-14 15:48:03'),
	(354, 159, 0, 1, '2023-03-14', '2023-03-14 15:48:03', '2023-03-14 15:48:03'),
	(355, 160, 0, 1, '2023-03-14', '2023-03-14 15:48:03', '2023-03-14 15:48:03'),
	(356, 25, 0, 1, '2023-03-14', '2023-03-14 15:48:03', '2023-03-14 15:48:03'),
	(357, 72, 0, 1, '2023-03-14', '2023-03-14 15:48:03', '2023-03-14 15:48:03'),
	(358, 73, 0, 1, '2023-03-14', '2023-03-14 15:48:03', '2023-03-14 15:48:03'),
	(359, 161, 0, 1, '2023-03-14', '2023-03-14 15:48:03', '2023-03-14 15:48:03'),
	(360, 74, 0, 1, '2023-03-14', '2023-03-14 15:48:03', '2023-03-14 15:48:03'),
	(361, 91, 0, 1, '2023-03-14', '2023-03-14 15:48:03', '2023-03-14 15:48:03'),
	(362, 92, 0, 1, '2023-03-14', '2023-03-14 15:48:03', '2023-03-14 15:48:03'),
	(363, 92, 0, 1, '2023-03-14', '2023-03-14 15:48:03', '2023-03-14 15:48:03'),
	(364, 162, 0, 1, '2023-03-14', '2023-03-14 15:48:03', '2023-03-14 15:48:03'),
	(365, 125, 0, 1, '2023-03-14', '2023-03-14 15:48:03', '2023-03-14 15:48:03'),
	(366, 126, 0, 1, '2023-03-14', '2023-03-14 15:48:03', '2023-03-14 15:48:03'),
	(367, 127, 0, 1, '2023-03-14', '2023-03-14 15:48:03', '2023-03-14 15:48:03'),
	(368, 128, 0, 1, '2023-03-14', '2023-03-14 15:48:03', '2023-03-14 15:48:03'),
	(369, 129, 0, 1, '2023-03-14', '2023-03-14 15:48:03', '2023-03-14 15:48:03'),
	(370, 26, 0, 1, '2023-03-14', '2023-03-14 15:48:03', '2023-03-14 15:48:03'),
	(371, 27, 0, 1, '2023-03-14', '2023-03-14 15:48:03', '2023-03-14 15:48:03'),
	(372, 28, 0, 1, '2023-03-14', '2023-03-14 15:48:03', '2023-03-14 15:48:03'),
	(373, 123, 0, 1, '2023-03-14', '2023-03-14 15:48:03', '2023-03-14 15:48:03'),
	(374, 163, 0, 1, '2023-03-14', '2023-03-14 15:48:03', '2023-03-14 15:48:03'),
	(375, 164, 0, 1, '2023-03-14', '2023-03-14 15:48:03', '2023-03-14 15:48:03'),
	(376, 29, 0, 1, '2023-03-14', '2023-03-14 15:48:03', '2023-03-14 15:48:03'),
	(377, 75, 0, 1, '2023-03-14', '2023-03-14 15:48:03', '2023-03-14 15:48:03'),
	(378, 30, 0, 1, '2023-03-14', '2023-03-14 15:48:03', '2023-03-14 15:48:03'),
	(379, 31, 0, 1, '2023-03-14', '2023-03-14 15:48:03', '2023-03-14 15:48:03'),
	(380, 165, 0, 1, '2023-03-14', '2023-03-14 15:48:03', '2023-03-14 15:48:03'),
	(381, 166, 0, 1, '2023-03-14', '2023-03-14 15:48:03', '2023-03-14 15:48:03'),
	(382, 76, 0, 1, '2023-03-14', '2023-03-14 15:48:03', '2023-03-14 15:48:03'),
	(383, 77, 0, 1, '2023-03-14', '2023-03-14 15:48:03', '2023-03-14 15:48:03'),
	(384, 78, 0, 1, '2023-03-14', '2023-03-14 15:48:03', '2023-03-14 15:48:03'),
	(385, 89, 0, 1, '2023-03-14', '2023-03-14 15:48:03', '2023-03-14 15:48:03'),
	(386, 90, 0, 1, '2023-03-14', '2023-03-14 15:48:03', '2023-03-14 15:48:03'),
	(387, 32, 0, 1, '2023-03-14', '2023-03-14 15:48:03', '2023-03-14 15:48:03');

-- Volcando estructura para tabla abastos.products
CREATE TABLE IF NOT EXISTS `products` (
  `id` int NOT NULL AUTO_INCREMENT,
  `name` varchar(255) COLLATE utf8mb3_unicode_ci NOT NULL,
  `category` varchar(50) COLLATE utf8mb3_unicode_ci NOT NULL,
  `und` varchar(15) COLLATE utf8mb3_unicode_ci NOT NULL,
  `active` int NOT NULL DEFAULT '1',
  `d_create` timestamp NOT NULL DEFAULT CURRENT_TIMESTAMP,
  `d_update` timestamp NULL DEFAULT NULL,
  KEY `Índice 1` (`id`)
) ENGINE=InnoDB AUTO_INCREMENT=177 DEFAULT CHARSET=utf8mb3 COLLATE=utf8mb3_unicode_ci;

-- Volcando datos para la tabla abastos.products: ~174 rows (aproximadamente)
DELETE FROM `products`;
INSERT INTO `products` (`id`, `name`, `category`, `und`, `active`, `d_create`, `d_update`) VALUES
	(1, 'ACELGA', 'VERDURAS', 'LIBRA', 1, '2023-02-24 16:15:13', '2023-03-03 22:47:04'),
	(2, 'AHUYAMA', 'VERDURAS', 'KILO', 1, '2023-02-24 16:15:13', NULL),
	(3, 'AJO ROSADO', 'VERDURAS', 'KILO', 1, '2023-02-24 16:15:13', NULL),
	(4, 'ALCACHOFA', 'VERDURAS', 'KILO', 1, '2023-02-24 16:15:13', NULL),
	(5, 'APIO', 'VERDURAS', 'KILO', 1, '2023-02-24 16:15:13', NULL),
	(6, 'ARVEJA VERDE', 'VERDURAS', 'KILO', 1, '2023-02-24 16:15:13', NULL),
	(7, 'BERENJENA', 'VERDURAS', 'KILO', 1, '2023-02-24 16:15:13', NULL),
	(8, 'BROCOLI', 'VERDURAS', 'KILO', 1, '2023-02-24 16:15:13', NULL),
	(9, 'CALABACIN', 'VERDURAS', 'KILO', 1, '2023-02-24 16:15:13', NULL),
	(10, 'CALABAZA', 'VERDURAS', 'KILO', 1, '2023-02-24 16:15:13', NULL),
	(11, 'CEBOLLA CABEZONA BLANCA', 'VERDURAS', 'KILO', 1, '2023-02-24 16:15:13', NULL),
	(12, 'CEBOLLA CABEZONA ROJA', 'VERDURAS', 'KILO', 1, '2023-02-24 16:15:13', NULL),
	(13, 'CEBOLLA LARGA', 'VERDURAS', 'KILO', 1, '2023-02-24 16:15:13', NULL),
	(14, 'CILANTRO', 'VERDURAS', 'KILO', 1, '2023-02-24 16:15:13', NULL),
	(15, 'COLIFLOR', 'VERDURAS', 'KILO', 1, '2023-02-24 16:15:13', NULL),
	(16, 'ESPINACA', 'VERDURAS', 'KILO', 1, '2023-02-24 16:15:13', NULL),
	(17, 'FRIJOL VERDE ANDINO', 'VERDURAS', 'KILO', 1, '2023-02-24 16:15:13', NULL),
	(18, 'FRIJOL VERDE BOLO', 'VERDURAS', 'KILO', 1, '2023-02-24 16:15:13', NULL),
	(19, 'HABA VERDE SABANERA', 'VERDURAS', 'KILO', 1, '2023-02-24 16:15:13', NULL),
	(20, 'HABICHUELA', 'VERDURAS', 'KILO', 1, '2023-02-24 16:15:13', NULL),
	(21, 'LECHUGA', 'VERDURAS', 'KILO', 1, '2023-02-24 16:15:13', NULL),
	(22, 'MAZORCA', 'VERDURAS', 'KILO', 1, '2023-02-24 16:15:13', NULL),
	(23, 'PEPINO COHOMBRO', 'VERDURAS', 'KILO', 1, '2023-02-24 16:15:13', NULL),
	(24, 'PEPINO COMUN', 'VERDURAS', 'KILO', 1, '2023-02-24 16:15:13', NULL),
	(25, 'PIMENTON', 'VERDURAS', 'KILO', 1, '2023-02-24 16:15:13', NULL),
	(26, 'RABANO ROJO', 'VERDURAS', 'KILO', 1, '2023-02-24 16:15:13', NULL),
	(27, 'REMOLACHA', 'VERDURAS', 'KILO', 1, '2023-02-24 16:15:13', NULL),
	(28, 'REPOLLO', 'VERDURAS', 'KILO', 1, '2023-02-24 16:15:13', NULL),
	(29, 'TOMATE CHONTO', 'VERDURAS', 'KILO', 1, '2023-02-24 16:15:13', NULL),
	(30, 'TOMATE LARGA VIDA', 'VERDURAS', 'KILO', 1, '2023-02-24 16:15:13', NULL),
	(31, 'TOMATE MILANO', 'VERDURAS', 'KILO', 1, '2023-02-24 16:15:13', NULL),
	(32, 'ZANAHORIA', 'VERDURAS', 'KILO', 1, '2023-02-24 16:15:13', NULL),
	(33, 'AGUACATE', 'FRUTAS', 'KILO', 1, '2023-02-24 16:15:13', NULL),
	(34, 'AGUACATE HASS', 'FRUTAS', 'KILO', 1, '2023-02-24 16:15:13', NULL),
	(35, 'BANANO CRIOLLO', 'FRUTAS', 'KILO', 1, '2023-02-24 16:15:13', NULL),
	(36, 'BANANO URABA', 'FRUTAS', 'KILO', 1, '2023-02-24 16:15:13', NULL),
	(37, 'BREVA', 'FRUTAS', 'KILO', 1, '2023-02-24 16:15:13', NULL),
	(38, 'COCO', 'FRUTAS', 'KILO', 1, '2023-02-24 16:15:13', NULL),
	(39, 'CURUBA BOYACENCE', 'FRUTAS', 'KILO', 1, '2023-02-24 16:15:13', NULL),
	(40, 'CURUBA SAN BERNARDO', 'FRUTAS', 'KILO', 1, '2023-02-24 16:15:13', NULL),
	(41, 'DURAZNO IMPORTADO', 'FRUTAS', 'KILO', 1, '2023-02-24 16:15:13', NULL),
	(42, 'FEIJOA', 'FRUTAS', 'KILO', 1, '2023-02-24 16:15:13', NULL),
	(43, 'FRESA', 'FRUTAS', 'KILO', 1, '2023-02-24 16:15:13', NULL),
	(44, 'GRANADILLA', 'FRUTAS', 'KILO', 1, '2023-02-24 16:15:13', NULL),
	(45, 'GUANABANA', 'FRUTAS', 'KILO', 1, '2023-02-24 16:15:13', NULL),
	(46, 'GUAYABA', 'FRUTAS', 'KILO', 1, '2023-02-24 16:15:13', NULL),
	(47, 'LIMON COMUN', 'FRUTAS', 'KILO', 1, '2023-02-24 16:15:13', NULL),
	(48, 'LIMON TAHITI', 'FRUTAS', 'KILO', 1, '2023-02-24 16:15:13', NULL),
	(49, 'LULO', 'FRUTAS', 'KILO', 1, '2023-02-24 16:15:13', NULL),
	(50, 'MANDARINA ARRAYANA', 'FRUTAS', 'KILO', 1, '2023-02-24 16:15:13', NULL),
	(51, 'MANDARINA ONECO', 'FRUTAS', 'KILO', 1, '2023-02-24 16:15:13', NULL),
	(52, 'MANGO CHANCLETO', 'FRUTAS', 'KILO', 1, '2023-02-24 16:15:13', NULL),
	(53, 'MANGO DE AZUCAR', 'FRUTAS', 'KILO', 1, '2023-02-24 16:15:13', NULL),
	(54, 'MANGO REINA', 'FRUTAS', 'KILO', 1, '2023-02-24 16:15:13', NULL),
	(55, 'MANGO TOMMY', 'FRUTAS', 'KILO', 1, '2023-02-24 16:15:13', NULL),
	(56, 'MANZANA NACIONAL', 'FRUTAS', 'KILO', 1, '2023-02-24 16:15:13', NULL),
	(57, 'MANZANA ROJA IMPORTADA', 'FRUTAS', 'KILO', 1, '2023-02-24 16:15:13', NULL),
	(58, 'MANZANA VERDE IMPORTADA', 'FRUTAS', 'KILO', 1, '2023-02-24 16:15:13', NULL),
	(59, 'MARACUYA', 'FRUTAS', 'KILO', 1, '2023-02-24 16:15:13', NULL),
	(60, 'MELON', 'FRUTAS', 'KILO', 1, '2023-02-24 16:15:13', NULL),
	(61, 'MORA DE CASTILLA', 'FRUTAS', 'KILO', 1, '2023-02-24 16:15:13', NULL),
	(62, 'NARANJA ARMENIA', 'FRUTAS', 'KILO', 1, '2023-02-24 16:15:13', NULL),
	(63, 'NARANJA GREY', 'FRUTAS', 'KILO', 1, '2023-02-24 16:15:13', NULL),
	(64, 'NARANJA OMBLIGONA', 'FRUTAS', 'KILO', 1, '2023-02-24 16:15:13', NULL),
	(65, 'NARANJA VALENCIA', 'FRUTAS', 'KILO', 1, '2023-02-24 16:15:13', NULL),
	(66, 'PAPAYA HAWIANA', 'FRUTAS', 'KILO', 1, '2023-02-24 16:15:13', NULL),
	(67, 'PAPAYA MARADOL', 'FRUTAS', 'KILO', 1, '2023-02-24 16:15:13', NULL),
	(68, 'PAPAYA MELONA', 'FRUTAS', 'KILO', 1, '2023-02-24 16:15:13', NULL),
	(69, 'PAPAYA REDONDA', 'FRUTAS', 'KILO', 1, '2023-02-24 16:15:13', NULL),
	(70, 'PAPAYA TAINUNG', 'FRUTAS', 'KILO', 1, '2023-02-24 16:15:13', NULL),
	(71, 'PATILLA', 'FRUTAS', 'KILO', 1, '2023-02-24 16:15:13', NULL),
	(72, 'PINA GOLD', 'FRUTAS', 'KILO', 1, '2023-02-24 16:15:13', NULL),
	(73, 'PINA PEROLERA', 'FRUTAS', 'KILO', 1, '2023-02-24 16:15:13', NULL),
	(74, 'PITAHAYA', 'FRUTAS', 'KILO', 1, '2023-02-24 16:15:13', NULL),
	(75, 'TOMATE DE ARBOL', 'FRUTAS', 'KILO', 1, '2023-02-24 16:15:13', NULL),
	(76, 'UVA CHAMPA', 'FRUTAS', 'KILO', 1, '2023-02-24 16:15:13', NULL),
	(77, 'UVA NEGRA', 'FRUTAS', 'KILO', 1, '2023-02-24 16:15:13', NULL),
	(78, 'UVA ROJA', 'FRUTAS', 'KILO', 1, '2023-02-24 16:15:13', NULL),
	(79, 'ARRACACHA', 'TUBERCULOS', 'KILO', 1, '2023-02-24 16:15:13', NULL),
	(80, 'PAPA CRIOLLA LAVADA', 'TUBERCULOS', 'KILO', 1, '2023-02-24 16:15:13', NULL),
	(81, 'PAPA CRIOLLA SUCIA', 'TUBERCULOS', 'KILO', 1, '2023-02-24 16:15:13', NULL),
	(82, 'PAPA PASTUSA', 'TUBERCULOS', 'KILO', 1, '2023-02-24 16:15:13', NULL),
	(83, 'PAPA R12 INDUSTRIAL', 'TUBERCULOS', 'KILO', 1, '2023-02-24 16:15:13', NULL),
	(84, 'PAPA R12 NEGRA', 'TUBERCULOS', 'KILO', 1, '2023-02-24 16:15:13', NULL),
	(85, 'PAPA R12 ROJA', 'TUBERCULOS', 'KILO', 1, '2023-02-24 16:15:13', NULL),
	(86, 'PAPA SABANERA', 'TUBERCULOS', 'KILO', 1, '2023-02-24 16:15:13', NULL),
	(87, 'PAPA SUPREMA', 'TUBERCULOS', 'KILO', 1, '2023-02-24 16:15:13', NULL),
	(88, 'PAPA TOCARRE', 'TUBERCULOS', 'KILO', 1, '2023-02-24 16:15:13', NULL),
	(89, 'YUCA ARMENIA', 'TUBERCULOS', 'KILO', 1, '2023-02-24 16:15:13', NULL),
	(90, 'YUCA LLANERA', 'TUBERCULOS', 'KILO', 1, '2023-02-24 16:15:13', NULL),
	(91, 'PLATANO COLICERO', 'PLATANOS', 'KILO', 1, '2023-02-24 16:15:13', NULL),
	(92, 'PLATANO HARTON', 'PLATANOS', 'KILO', 1, '2023-02-24 16:15:13', NULL),
	(93, 'PLATANO HARTON', 'PLATANOS', 'KILO', 1, '2023-02-24 16:15:13', NULL),
	(94, 'ACEITE (1000 c.c)', 'GRANOS Y PROCESADOS', 'CC', 1, '2023-02-24 16:15:13', NULL),
	(95, 'ACEITE (500c.c)', 'GRANOS Y PROCESADOS', 'CC', 1, '2023-02-24 16:15:13', NULL),
	(96, 'ACEITE GALON (3000 c.c)', 'GRANOS Y PROCESADOS', 'CC', 1, '2023-02-24 16:15:13', NULL),
	(97, 'ARROZ CORRIENTE', 'GRANOS Y PROCESADOS', 'KILO', 1, '2023-02-24 16:15:13', NULL),
	(98, 'ARROZ ORYZICA', 'GRANOS Y PROCESADOS', 'KILO', 1, '2023-02-24 16:15:13', NULL),
	(99, 'ARROZ SOPA CRISTAL', 'GRANOS Y PROCESADOS', 'KILO', 1, '2023-02-24 16:15:13', NULL),
	(100, 'ARVEJA VERDE SECA', 'GRANOS Y PROCESADOS', 'KILO', 1, '2023-02-24 16:15:13', NULL),
	(101, 'AZUCAR REFINADA', 'GRANOS Y PROCESADOS', 'KILO', 1, '2023-02-24 16:15:13', NULL),
	(102, 'AZUCAR SULFITADA', 'GRANOS Y PROCESADOS', 'KILO', 1, '2023-02-24 16:15:13', NULL),
	(103, 'CAFE 500GR', 'GRANOS Y PROCESADOS', 'KILO', 1, '2023-02-24 16:15:13', NULL),
	(104, 'CEBADA', 'GRANOS Y PROCESADOS', 'KILO', 1, '2023-02-24 16:15:13', NULL),
	(105, 'CHOCOLATE DULCE', 'GRANOS Y PROCESADOS', 'KILO', 1, '2023-02-24 16:15:13', NULL),
	(106, 'CUCHUCO DE CEBADA', 'GRANOS Y PROCESADOS', 'KILO', 1, '2023-02-24 16:15:13', NULL),
	(107, 'CUCHUCO DE MAIZ', 'GRANOS Y PROCESADOS', 'KILO', 1, '2023-02-24 16:15:13', NULL),
	(108, 'CUCHUCO DE TRIGO', 'GRANOS Y PROCESADOS', 'KILO', 1, '2023-02-24 16:15:13', NULL),
	(109, 'FRIJOL NIMA CALIMA', 'GRANOS Y PROCESADOS', 'KILO', 1, '2023-02-24 16:15:13', NULL),
	(110, 'FRIJOL RADICAL', 'GRANOS Y PROCESADOS', 'KILO', 1, '2023-02-24 16:15:13', NULL),
	(111, 'GARBANZO', 'GRANOS Y PROCESADOS', 'KILO', 1, '2023-02-24 16:15:13', NULL),
	(112, 'HARINA DE MAIZ', 'GRANOS Y PROCESADOS', 'KILO', 1, '2023-02-24 16:15:13', NULL),
	(113, 'HARINA DE TRIGO', 'GRANOS Y PROCESADOS', 'KILO', 1, '2023-02-24 16:15:13', NULL),
	(114, 'LECHE POLVO 400 GR', 'GRANOS Y PROCESADOS', 'KILO', 1, '2023-02-24 16:15:13', NULL),
	(115, 'MAIZ AMARILLO DURO', 'GRANOS Y PROCESADOS', 'KILO', 1, '2023-02-24 16:15:13', NULL),
	(116, 'MAIZ BLANCO DURO', 'GRANOS Y PROCESADOS', 'KILO', 1, '2023-02-24 16:15:13', NULL),
	(117, 'MAIZ PORVA', 'GRANOS Y PROCESADOS', 'KILO', 1, '2023-02-24 16:15:13', NULL),
	(118, 'MAIZ TRILLADO PETO', 'GRANOS Y PROCESADOS', 'KILO', 1, '2023-02-24 16:15:13', NULL),
	(119, 'MANTECA', 'GRANOS Y PROCESADOS', 'KILO', 1, '2023-02-24 16:15:13', NULL),
	(120, 'MARGARINA', 'GRANOS Y PROCESADOS', 'KILO', 1, '2023-02-24 16:15:13', NULL),
	(121, 'PANELA', 'GRANOS Y PROCESADOS', 'KILO', 1, '2023-02-24 16:15:13', NULL),
	(122, 'PASTAS ALIMENTICIAS', 'GRANOS Y PROCESADOS', 'KILO', 1, '2023-02-24 16:15:13', NULL),
	(123, 'SAL', 'GRANOS Y PROCESADOS', 'KILO', 1, '2023-02-24 16:15:13', NULL),
	(124, 'CUAJADA', 'LACTEOS', 'LIBRA', 1, '2023-02-24 16:15:13', NULL),
	(125, 'QUESO CAMPESINO', 'LACTEOS', 'LIBRA', 1, '2023-02-24 16:15:13', NULL),
	(126, 'QUESO COSTE', 'LACTEOS', 'LIBRA', 1, '2023-02-24 16:15:13', NULL),
	(127, 'QUESO DOBLE CREMA', 'LACTEOS', 'LIBRA', 1, '2023-02-24 16:15:13', NULL),
	(128, 'QUESO PAIPA', 'LACTEOS', 'LIBRA', 1, '2023-02-24 16:15:13', NULL),
	(129, 'QUESO PERA', 'LACTEOS', 'LIBRA', 1, '2023-02-24 16:15:13', NULL),
	(130, 'BAGRE DORADO', 'CARNICOS', 'LIBRA', 1, '2023-02-24 16:15:13', NULL),
	(131, 'BAGRE PINTADO', 'CARNICOS', 'LIBRA', 1, '2023-02-24 16:15:13', NULL),
	(132, 'BLANQUILLO GALLEGO', 'CARNICOS', 'LIBRA', 1, '2023-02-24 16:15:13', NULL),
	(133, 'BOCA CHICO', 'CARNICOS', 'LIBRA', 1, '2023-02-24 16:15:13', NULL),
	(134, 'CACHAMA', 'CARNICOS', 'LIBRA', 1, '2023-02-24 16:15:13', NULL),
	(135, 'CADERA', 'CARNICOS', 'LIBRA', 1, '2023-02-24 16:15:13', NULL),
	(136, 'CAJARO', 'CARNICOS', 'LIBRA', 1, '2023-02-24 16:15:13', NULL),
	(137, 'CAMARON TIGRE', 'CARNICOS', 'LIBRA', 1, '2023-02-24 16:15:13', NULL),
	(138, 'CAMARON TITI', 'CARNICOS', 'LIBRA', 1, '2023-02-24 16:15:13', NULL),
	(139, 'CAPACETA', 'CARNICOS', 'LIBRA', 1, '2023-02-24 16:15:13', NULL),
	(140, 'CARACOL ALMEJA', 'CARNICOS', 'LIBRA', 1, '2023-02-24 16:15:13', NULL),
	(141, 'CHATAS', 'CARNICOS', 'LIBRA', 1, '2023-02-24 16:15:13', NULL),
	(142, 'CORVINA', 'CARNICOS', 'LIBRA', 1, '2023-02-24 16:15:13', NULL),
	(143, 'COSTILLA', 'CARNICOS', 'LIBRA', 1, '2023-02-24 16:15:13', NULL),
	(144, 'CUCHA', 'CARNICOS', 'LIBRA', 1, '2023-02-24 16:15:13', NULL),
	(145, 'DONCELLA', 'CARNICOS', 'LIBRA', 1, '2023-02-24 16:15:13', NULL),
	(146, 'FILETE DE MERLUZA', 'CARNICOS', 'LIBRA', 1, '2023-02-24 16:15:13', NULL),
	(147, 'FILETE DE ROBALO', 'CARNICOS', 'LIBRA', 1, '2023-02-24 16:15:13', NULL),
	(148, 'GUALAJO', 'CARNICOS', 'LIBRA', 1, '2023-02-24 16:15:13', NULL),
	(149, 'LOMO', 'CARNICOS', 'LIBRA', 1, '2023-02-24 16:15:13', NULL),
	(150, 'MENUDENCIAS', 'CARNICOS', 'LIBRA', 1, '2023-02-24 16:15:13', NULL),
	(151, 'MOJARRA DE MAR', 'CARNICOS', 'LIBRA', 1, '2023-02-24 16:15:13', NULL),
	(152, 'MOJARRA O TILAPIA ROJA', 'CARNICOS', 'LIBRA', 1, '2023-02-24 16:15:13', NULL),
	(153, 'NICURO', 'CARNICOS', 'LIBRA', 1, '2023-02-24 16:15:13', NULL),
	(154, 'PALETON', 'CARNICOS', 'LIBRA', 1, '2023-02-24 16:15:13', NULL),
	(155, 'PECHUGA DE POLLO', 'CARNICOS', 'LIBRA', 1, '2023-02-24 16:15:13', NULL),
	(156, 'PELADA', 'CARNICOS', 'LIBRA', 1, '2023-02-24 16:15:13', NULL),
	(157, 'PERNILES DE POLLO', 'CARNICOS', 'LIBRA', 1, '2023-02-24 16:15:13', NULL),
	(158, 'PESCADO SECO', 'CARNICOS', 'LIBRA', 1, '2023-02-24 16:15:13', NULL),
	(159, 'PEZ MERO O POLLITO  DE MAR', 'CARNICOS', 'LIBRA', 1, '2023-02-24 16:15:13', NULL),
	(160, 'PIERNA', 'CARNICOS', 'LIBRA', 1, '2023-02-24 16:15:13', NULL),
	(161, 'PIRA BOTON', 'CARNICOS', 'LIBRA', 1, '2023-02-24 16:15:13', NULL),
	(162, 'POLLO SIN VICERAS', 'CARNICOS', 'LIBRA', 1, '2023-02-24 16:15:13', NULL),
	(163, 'SIERRA', 'CARNICOS', 'LIBRA', 1, '2023-02-24 16:15:13', NULL),
	(164, 'SOBREBARRIGA', 'CARNICOS', 'LIBRA', 1, '2023-02-24 16:15:13', NULL),
	(165, 'TOYO TIBURON PEQUE', 'CARNICOS', 'LIBRA', 1, '2023-02-24 16:15:13', NULL),
	(166, 'TRUCHA ARCO IRIS', 'CARNICOS', 'LIBRA', 1, '2023-02-24 16:15:13', NULL),
	(167, 'HUEVO BLANCO A', 'HUEVOS', 'LIBRA', 1, '2023-02-24 16:15:13', NULL),
	(168, 'HUEVO BLANCO AA', 'HUEVOS', 'LIBRA', 1, '2023-02-24 16:15:13', NULL),
	(169, 'HUEVO BLANCO B', 'HUEVOS', 'LIBRA', 1, '2023-02-24 16:15:13', NULL),
	(170, 'HUEVO BLANCO EXTRA', 'HUEVOS', 'LIBRA', 1, '2023-02-24 16:15:13', NULL),
	(171, 'HUEVO ROJO A', 'HUEVOS', 'LIBRA', 1, '2023-02-24 16:15:13', NULL),
	(172, 'HUEVO ROJO AA', 'HUEVOS', 'LIBRA', 1, '2023-02-24 16:15:13', NULL),
	(173, 'HUEVO ROJO B', 'HUEVOS', 'LIBRA', 1, '2023-02-24 16:15:13', NULL),
	(174, 'HUEVO ROJO EXTRA', 'HUEVOS', 'LIBRA', 1, '2023-02-24 16:15:13', NULL),
	(175, 'AAROZ IMPORTADO PREMIUM', 'GRANOS Y PROCESADOS', 'KILO', 1, '2023-03-07 13:58:28', '2023-03-07 13:58:28'),
	(176, 'AAARROX', 'GRANOS Y PROCESADOS', 'KILO', 1, '2023-03-07 14:07:16', '2023-03-07 21:29:39');

-- Volcando estructura para tabla abastos.roles
CREATE TABLE IF NOT EXISTS `roles` (
  `id` int NOT NULL,
  `nombre_rol` varchar(100) CHARACTER SET utf8mb3 COLLATE utf8mb3_general_ci NOT NULL,
  `descripcion` text CHARACTER SET utf8mb3 COLLATE utf8mb3_general_ci,
  `activo` int NOT NULL DEFAULT '1',
  PRIMARY KEY (`id`)
) ENGINE=InnoDB DEFAULT CHARSET=utf8mb3;

-- Volcando datos para la tabla abastos.roles: ~0 rows (aproximadamente)
DELETE FROM `roles`;

-- Volcando estructura para tabla abastos.users
CREATE TABLE IF NOT EXISTS `users` (
  `id` int unsigned NOT NULL AUTO_INCREMENT,
  `username` varchar(30) DEFAULT NULL,
  `status` varchar(255) DEFAULT NULL,
  `status_message` varchar(255) DEFAULT NULL,
  `active` tinyint(1) NOT NULL DEFAULT '0',
  `last_active` datetime DEFAULT NULL,
  `created_at` datetime DEFAULT NULL,
  `updated_at` datetime DEFAULT NULL,
  `deleted_at` datetime DEFAULT NULL,
  PRIMARY KEY (`id`),
  UNIQUE KEY `username` (`username`)
) ENGINE=InnoDB AUTO_INCREMENT=3 DEFAULT CHARSET=utf8mb3;

-- Volcando datos para la tabla abastos.users: ~0 rows (aproximadamente)
DELETE FROM `users`;
INSERT INTO `users` (`id`, `username`, `status`, `status_message`, `active`, `last_active`, `created_at`, `updated_at`, `deleted_at`) VALUES
	(2, 'admin', NULL, NULL, 1, '2023-04-03 22:10:22', '2023-02-24 10:19:21', '2023-02-24 10:19:21', NULL);

